{"id":131,"date":"2011-04-27T22:22:35","date_gmt":"2011-04-27T22:22:35","guid":{"rendered":"https:\/\/www.mileendmission.org\/?page_id=131"},"modified":"2023-07-12T09:48:05","modified_gmt":"2023-07-12T14:48:05","slug":"clinique-juridique","status":"publish","type":"page","link":"https:\/\/www.mileendmission.org\/fr\/clinique-juridique\/","title":{"rendered":"Clinique Juridique"},"content":{"rendered":"<div class=\"wpb-content-wrapper\"><p>[vc_row][vc_column][vc_column_text]<\/p>\n<p style=\"text-align: center;\"><strong><a href=\"https:\/\/lecollectifjuridique.ca\"><img loading=\"lazy\" decoding=\"async\" class=\"aligncenter size-large wp-image-5439\" src=\"https:\/\/www.mileendmission.org\/wp-content\/uploads\/2023\/07\/CollectifJuridique_Logo_Mile_End_FR_Prune_CMJN-1024x854.jpg\" alt=\"\" width=\"1024\" height=\"854\" srcset=\"https:\/\/www.mileendmission.org\/wp-content\/uploads\/2023\/07\/CollectifJuridique_Logo_Mile_End_FR_Prune_CMJN-1024x854.jpg 1024w, https:\/\/www.mileendmission.org\/wp-content\/uploads\/2023\/07\/CollectifJuridique_Logo_Mile_End_FR_Prune_CMJN-300x250.jpg 300w, https:\/\/www.mileendmission.org\/wp-content\/uploads\/2023\/07\/CollectifJuridique_Logo_Mile_End_FR_Prune_CMJN-768x640.jpg 768w, https:\/\/www.mileendmission.org\/wp-content\/uploads\/2023\/07\/CollectifJuridique_Logo_Mile_End_FR_Prune_CMJN-1536x1280.jpg 1536w, https:\/\/www.mileendmission.org\/wp-content\/uploads\/2023\/07\/CollectifJuridique_Logo_Mile_End_FR_Prune_CMJN-2048x1707.jpg 2048w, https:\/\/www.mileendmission.org\/wp-content\/uploads\/2023\/07\/CollectifJuridique_Logo_Mile_End_FR_Prune_CMJN-1170x975.jpg 1170w, https:\/\/www.mileendmission.org\/wp-content\/uploads\/2023\/07\/CollectifJuridique_Logo_Mile_End_FR_Prune_CMJN-870x725.jpg 870w, https:\/\/www.mileendmission.org\/wp-content\/uploads\/2023\/07\/CollectifJuridique_Logo_Mile_End_FR_Prune_CMJN-390x325.jpg 390w\" sizes=\"auto, (max-width: 1024px) 100vw, 1024px\" \/><\/a><\/strong><a href=\"https:\/\/lecollectifjuridique.ca\" target=\"_blank\" rel=\"noopener\">Le Collectif Juridique du Mile End<\/a> est un r\u00e9seau d\u2019avocats<br \/>\nmontr\u00e9alais et d\u2019\u00e9tudiants en droit d\u00e9di\u00e9s \u00e0 rendre la justice<br \/>\nplus accessible aux citoyens de notre ville. Nous croyons que<br \/>\npersonne ne devrait faire face \u00e0 des probl\u00e8mes juridiques sans<br \/>\nles connaissances requises pour prot\u00e9ger et faire valoir ses droits.<\/p>\n<p>&nbsp;<\/p>\n<p>[\/vc_column_text][\/vc_column][\/vc_row]<\/p>\n<\/div>","protected":false},"excerpt":{"rendered":"<p>[vc_row][vc_column][vc_column_text] Le Collectif Juridique du Mile End est un r\u00e9seau d\u2019avocats montr\u00e9alais et d\u2019\u00e9tudiants en droit d\u00e9di\u00e9s \u00e0 rendre la justice plus accessible aux citoyens de notre ville. Nous croyons [&hellip;]<\/p>\n","protected":false},"author":2,"featured_media":0,"parent":0,"menu_order":0,"comment_status":"closed","ping_status":"closed","template":"","meta":{"footnotes":""},"class_list":["post-131","page","type-page","status-publish","hentry"],"_links":{"self":[{"href":"https:\/\/www.mileendmission.org\/fr\/wp-json\/wp\/v2\/pages\/131","targetHints":{"allow":["GET"]}}],"collection":[{"href":"https:\/\/www.mileendmission.org\/fr\/wp-json\/wp\/v2\/pages"}],"about":[{"href":"https:\/\/www.mileendmission.org\/fr\/wp-json\/wp\/v2\/types\/page"}],"author":[{"embeddable":true,"href":"https:\/\/www.mileendmission.org\/fr\/wp-json\/wp\/v2\/users\/2"}],"replies":[{"embeddable":true,"href":"https:\/\/www.mileendmission.org\/fr\/wp-json\/wp\/v2\/comments?post=131"}],"version-history":[{"count":5,"href":"https:\/\/www.mileendmission.org\/fr\/wp-json\/wp\/v2\/pages\/131\/revisions"}],"predecessor-version":[{"id":5441,"href":"https:\/\/www.mileendmission.org\/fr\/wp-json\/wp\/v2\/pages\/131\/revisions\/5441"}],"wp:attachment":[{"href":"https:\/\/www.mileendmission.org\/fr\/wp-json\/wp\/v2\/media?parent=131"}],"curies":[{"name":"wp","href":"https:\/\/api.w.org\/{rel}","templated":true}]}}

<div class="wpb-content-wrapper"><p>[vc_row][vc_column][vc_column_text]</p>
<p style="text-align: center;"><strong><a href="https://lecollectifjuridique.ca"><img loading="lazy" decoding="async" class="aligncenter size-large wp-image-5439" src="https://www.mileendmission.org/wp-content/uploads/2023/07/CollectifJuridique_Logo_Mile_End_FR_Prune_CMJN-1024x854.jpg" alt="" width="1024" height="854" srcset="https://www.mileendmission.org/wp-content/uploads/2023/07/CollectifJuridique_Logo_Mile_End_FR_Prune_CMJN-1024x854.jpg 1024w, https://www.mileendmission.org/wp-content/uploads/2023/07/CollectifJuridique_Logo_Mile_End_FR_Prune_CMJN-300x250.jpg 300w, https://www.mileendmission.org/wp-content/uploads/2023/07/CollectifJuridique_Logo_Mile_End_FR_Prune_CMJN-768x640.jpg 768w, https://www.mileendmission.org/wp-content/uploads/2023/07/CollectifJuridique_Logo_Mile_End_FR_Prune_CMJN-1536x1280.jpg 1536w, https://www.mileendmission.org/wp-content/uploads/2023/07/CollectifJuridique_Logo_Mile_End_FR_Prune_CMJN-2048x1707.jpg 2048w, https://www.mileendmission.org/wp-content/uploads/2023/07/CollectifJuridique_Logo_Mile_End_FR_Prune_CMJN-1170x975.jpg 1170w, https://www.mileendmission.org/wp-content/uploads/2023/07/CollectifJuridique_Logo_Mile_End_FR_Prune_CMJN-870x725.jpg 870w, https://www.mileendmission.org/wp-content/uploads/2023/07/CollectifJuridique_Logo_Mile_End_FR_Prune_CMJN-390x325.jpg 390w" sizes="auto, (max-width: 1024px) 100vw, 1024px" /></a></strong><a href="https://lecollectifjuridique.ca" target="_blank" rel="noopener">Le Collectif Juridique du Mile End</a> est un réseau d’avocats<br />
montréalais et d’étudiants en droit dédiés à rendre la justice<br />
plus accessible aux citoyens de notre ville. Nous croyons que<br />
personne ne devrait faire face à des problèmes juridiques sans<br />
les connaissances requises pour protéger et faire valoir ses droits.</p>
<p>&nbsp;</p>
<p>[/vc_column_text][/vc_column][/vc_row]</p>
</div>

<p>[vc_row][vc_column][vc_column_text] Le Collectif Juridique du Mile End est un réseau d’avocats montréalais et d’étudiants en droit dédiés à rendre la justice plus accessible aux citoyens de notre ville. Nous croyons [&hellip;]</p>
